{"id":20064,"date":"2025-02-07T15:42:19","date_gmt":"2025-02-07T18:42:19","guid":{"rendered":"https:\/\/www.supergoes.com.br\/site\/?page_id=20064"},"modified":"2025-02-07T15:42:57","modified_gmt":"2025-02-07T18:42:57","slug":"promo-billy-dog","status":"publish","type":"page","link":"https:\/\/www.supergoes.com.br\/site\/promo-billy-dog\/","title":{"rendered":"PROMO Billy Dog &#8211; 07022025"},"content":{"rendered":"<div id=\"modal-ready\"><p><img loading=\"lazy\" decoding=\"async\" class=\"aligncenter wp-image-20065\" src=\"https:\/\/www.supergoes.com.br\/site\/wp-content\/uploads\/2025\/02\/da603172-8712-4886-8dee-e150874b6f98-824x1030.jpg\" alt=\"\" width=\"348\" height=\"435\" srcset=\"https:\/\/www.supergoes.com.br\/site\/wp-content\/uploads\/2025\/02\/da603172-8712-4886-8dee-e150874b6f98-824x1030.jpg 824w, https:\/\/www.supergoes.com.br\/site\/wp-content\/uploads\/2025\/02\/da603172-8712-4886-8dee-e150874b6f98-240x300.jpg 240w, https:\/\/www.supergoes.com.br\/site\/wp-content\/uploads\/2025\/02\/da603172-8712-4886-8dee-e150874b6f98-768x960.jpg 768w, https:\/\/www.supergoes.com.br\/site\/wp-content\/uploads\/2025\/02\/da603172-8712-4886-8dee-e150874b6f98-1229x1536.jpg 1229w, https:\/\/www.supergoes.com.br\/site\/wp-content\/uploads\/2025\/02\/da603172-8712-4886-8dee-e150874b6f98-1200x1500.jpg 1200w, https:\/\/www.supergoes.com.br\/site\/wp-content\/uploads\/2025\/02\/da603172-8712-4886-8dee-e150874b6f98-564x705.jpg 564w, https:\/\/www.supergoes.com.br\/site\/wp-content\/uploads\/2025\/02\/da603172-8712-4886-8dee-e150874b6f98.jpg 1280w\" sizes=\"auto, (max-width: 348px) 100vw, 348px\" \/><\/p>\n<p>Promo\u00e7\u00e3o especial para os amantes dos pets! \ud83d\udc3e\u2728<\/p>\n<p>Na compra de: 1 ra\u00e7\u00e3o Billy Dog 15kg, 2 ra\u00e7\u00f5es Billy Dog 7kg ou 3 ra\u00e7\u00f5es Billy Dog ou Billy Cat 1kg voc\u00ea ganha 1 cupom para concorrer a um vale-compras de R$500,00 em produtos Billy Dog ou Billy Cat!<\/p>\n<p>Promo\u00e7\u00e3o v\u00e1lida de 03\/02 a 22\/03<br \/>\nSorteio: 23\/03<\/p>\n<p>Cuide do seu pet e ainda concorra a esse super pr\u00eamio!<\/p>\n<p>#SuperGoes #Promo\u00e7\u00e3oBillyDog #Sorteio #CuideDoSeuPet<\/p>\n<\/div>","protected":false},"excerpt":{"rendered":"<p>Promo\u00e7\u00e3o especial para os amantes dos pets! \ud83d\udc3e\u2728 Na compra de: 1 ra\u00e7\u00e3o Billy Dog 15kg, 2 ra\u00e7\u00f5es Billy Dog 7kg ou 3 ra\u00e7\u00f5es Billy Dog ou Billy Cat 1kg voc\u00ea ganha 1 cupom para concorrer a um vale-compras de R$500,00 em produtos Billy Dog ou Billy Cat! Promo\u00e7\u00e3o v\u00e1lida de 03\/02 a 22\/03 Sorteio: [&hellip;]<\/p>\n","protected":false},"author":1,"featured_media":0,"parent":0,"menu_order":0,"comment_status":"closed","ping_status":"closed","template":"","meta":{"footnotes":""},"class_list":["post-20064","page","type-page","status-publish","hentry"],"_links":{"self":[{"href":"https:\/\/www.supergoes.com.br\/site\/wp-json\/wp\/v2\/pages\/20064","targetHints":{"allow":["GET"]}}],"collection":[{"href":"https:\/\/www.supergoes.com.br\/site\/wp-json\/wp\/v2\/pages"}],"about":[{"href":"https:\/\/www.supergoes.com.br\/site\/wp-json\/wp\/v2\/types\/page"}],"author":[{"embeddable":true,"href":"https:\/\/www.supergoes.com.br\/site\/wp-json\/wp\/v2\/users\/1"}],"replies":[{"embeddable":true,"href":"https:\/\/www.supergoes.com.br\/site\/wp-json\/wp\/v2\/comments?post=20064"}],"version-history":[{"count":3,"href":"https:\/\/www.supergoes.com.br\/site\/wp-json\/wp\/v2\/pages\/20064\/revisions"}],"predecessor-version":[{"id":20067,"href":"https:\/\/www.supergoes.com.br\/site\/wp-json\/wp\/v2\/pages\/20064\/revisions\/20067"}],"wp:attachment":[{"href":"https:\/\/www.supergoes.com.br\/site\/wp-json\/wp\/v2\/media?parent=20064"}],"curies":[{"name":"wp","href":"https:\/\/api.w.org\/{rel}","templated":true}]}}