{"id":18960,"date":"2024-09-25T17:57:39","date_gmt":"2024-09-25T20:57:39","guid":{"rendered":"https:\/\/www.supergoes.com.br\/site\/?page_id=18960"},"modified":"2024-11-13T17:43:59","modified_gmt":"2024-11-13T20:43:59","slug":"dori_09112024","status":"publish","type":"page","link":"https:\/\/www.supergoes.com.br\/site\/dori_09112024\/","title":{"rendered":"Dori_09112024"},"content":{"rendered":"<div id=\"modal-ready\"><p><img loading=\"lazy\" decoding=\"async\" class=\"aligncenter size-full wp-image-18961\" src=\"https:\/\/www.supergoes.com.br\/site\/wp-content\/uploads\/2024\/09\/WhatsApp-Image-2024-09-24-at-17.31.26.jpg\" alt=\"\" width=\"600\" height=\"600\" srcset=\"https:\/\/www.supergoes.com.br\/site\/wp-content\/uploads\/2024\/09\/WhatsApp-Image-2024-09-24-at-17.31.26.jpg 600w, https:\/\/www.supergoes.com.br\/site\/wp-content\/uploads\/2024\/09\/WhatsApp-Image-2024-09-24-at-17.31.26-300x300.jpg 300w, https:\/\/www.supergoes.com.br\/site\/wp-content\/uploads\/2024\/09\/WhatsApp-Image-2024-09-24-at-17.31.26-80x80.jpg 80w, https:\/\/www.supergoes.com.br\/site\/wp-content\/uploads\/2024\/09\/WhatsApp-Image-2024-09-24-at-17.31.26-36x36.jpg 36w, https:\/\/www.supergoes.com.br\/site\/wp-content\/uploads\/2024\/09\/WhatsApp-Image-2024-09-24-at-17.31.26-180x180.jpg 180w\" sizes=\"auto, (max-width: 600px) 100vw, 600px\" \/><\/p>\n<blockquote><p>Sorteio Dori &#8211; Nas compras de R$10,00 em PRODUTOS DORI, ganhe 1 cupom para concorrer ao sorteio dessa linda casinha.<\/p><\/blockquote>\n<p><em>A\u00e7\u00e3o v\u00e1lida de 25\/09 a 09\/11\/2024<\/em><\/p>\n<blockquote><p>Ganhadores:<\/p>\n<p>Let\u00edcia Maria Gon\u00e7alves<\/p>\n<p>Adriele dos Reis Bedin<\/p>\n<p>Andr\u00e9ia Martins de Deus<\/p>\n<p>Luis Ortega<\/p><\/blockquote>\n<p>&nbsp;<\/p>\n<p><img loading=\"lazy\" decoding=\"async\" class=\"wp-image-19467 aligncenter\" src=\"https:\/\/www.supergoes.com.br\/site\/wp-content\/uploads\/2024\/11\/dori_loja5-579x1030.jpeg\" alt=\"\" width=\"276\" height=\"491\" srcset=\"https:\/\/www.supergoes.com.br\/site\/wp-content\/uploads\/2024\/11\/dori_loja5-579x1030.jpeg 579w, https:\/\/www.supergoes.com.br\/site\/wp-content\/uploads\/2024\/11\/dori_loja5-169x300.jpeg 169w, https:\/\/www.supergoes.com.br\/site\/wp-content\/uploads\/2024\/11\/dori_loja5-768x1365.jpeg 768w, https:\/\/www.supergoes.com.br\/site\/wp-content\/uploads\/2024\/11\/dori_loja5-864x1536.jpeg 864w, https:\/\/www.supergoes.com.br\/site\/wp-content\/uploads\/2024\/11\/dori_loja5-844x1500.jpeg 844w, https:\/\/www.supergoes.com.br\/site\/wp-content\/uploads\/2024\/11\/dori_loja5-397x705.jpeg 397w, https:\/\/www.supergoes.com.br\/site\/wp-content\/uploads\/2024\/11\/dori_loja5.jpeg 900w\" sizes=\"auto, (max-width: 276px) 100vw, 276px\" \/><\/p>\n<p>&nbsp;<\/p>\n<p><img loading=\"lazy\" decoding=\"async\" class=\"aligncenter wp-image-19473\" src=\"https:\/\/www.supergoes.com.br\/site\/wp-content\/uploads\/2024\/11\/balas_dori_loja6-1030x773.jpeg\" alt=\"\" width=\"495\" height=\"372\" srcset=\"https:\/\/www.supergoes.com.br\/site\/wp-content\/uploads\/2024\/11\/balas_dori_loja6-1030x773.jpeg 1030w, https:\/\/www.supergoes.com.br\/site\/wp-content\/uploads\/2024\/11\/balas_dori_loja6-300x225.jpeg 300w, https:\/\/www.supergoes.com.br\/site\/wp-content\/uploads\/2024\/11\/balas_dori_loja6-768x576.jpeg 768w, https:\/\/www.supergoes.com.br\/site\/wp-content\/uploads\/2024\/11\/balas_dori_loja6-705x529.jpeg 705w, https:\/\/www.supergoes.com.br\/site\/wp-content\/uploads\/2024\/11\/balas_dori_loja6.jpeg 1280w\" sizes=\"auto, (max-width: 495px) 100vw, 495px\" \/><\/p>\n<p>&nbsp;<\/p>\n<p><img loading=\"lazy\" decoding=\"async\" class=\"wp-image-19474 aligncenter\" src=\"https:\/\/www.supergoes.com.br\/site\/wp-content\/uploads\/2024\/11\/Luis-Ortega-ganhador-da-promocao-Dori-579x1030.jpeg\" alt=\"\" width=\"274\" height=\"488\" srcset=\"https:\/\/www.supergoes.com.br\/site\/wp-content\/uploads\/2024\/11\/Luis-Ortega-ganhador-da-promocao-Dori-579x1030.jpeg 579w, https:\/\/www.supergoes.com.br\/site\/wp-content\/uploads\/2024\/11\/Luis-Ortega-ganhador-da-promocao-Dori-169x300.jpeg 169w, https:\/\/www.supergoes.com.br\/site\/wp-content\/uploads\/2024\/11\/Luis-Ortega-ganhador-da-promocao-Dori-397x705.jpeg 397w, https:\/\/www.supergoes.com.br\/site\/wp-content\/uploads\/2024\/11\/Luis-Ortega-ganhador-da-promocao-Dori.jpeg 720w\" sizes=\"auto, (max-width: 274px) 100vw, 274px\" \/><\/p>\n<\/div>","protected":false},"excerpt":{"rendered":"<p>Sorteio Dori &#8211; Nas compras de R$10,00 em PRODUTOS DORI, ganhe 1 cupom para concorrer ao sorteio dessa linda casinha. A\u00e7\u00e3o v\u00e1lida de 25\/09 a 09\/11\/2024 Ganhadores: Let\u00edcia Maria Gon\u00e7alves Adriele dos Reis Bedin Andr\u00e9ia Martins de Deus Luis Ortega &nbsp; &nbsp; &nbsp;<\/p>\n","protected":false},"author":1,"featured_media":0,"parent":0,"menu_order":0,"comment_status":"closed","ping_status":"closed","template":"","meta":{"footnotes":""},"class_list":["post-18960","page","type-page","status-publish","hentry"],"_links":{"self":[{"href":"https:\/\/www.supergoes.com.br\/site\/wp-json\/wp\/v2\/pages\/18960","targetHints":{"allow":["GET"]}}],"collection":[{"href":"https:\/\/www.supergoes.com.br\/site\/wp-json\/wp\/v2\/pages"}],"about":[{"href":"https:\/\/www.supergoes.com.br\/site\/wp-json\/wp\/v2\/types\/page"}],"author":[{"embeddable":true,"href":"https:\/\/www.supergoes.com.br\/site\/wp-json\/wp\/v2\/users\/1"}],"replies":[{"embeddable":true,"href":"https:\/\/www.supergoes.com.br\/site\/wp-json\/wp\/v2\/comments?post=18960"}],"version-history":[{"count":7,"href":"https:\/\/www.supergoes.com.br\/site\/wp-json\/wp\/v2\/pages\/18960\/revisions"}],"predecessor-version":[{"id":19466,"href":"https:\/\/www.supergoes.com.br\/site\/wp-json\/wp\/v2\/pages\/18960\/revisions\/19466"}],"wp:attachment":[{"href":"https:\/\/www.supergoes.com.br\/site\/wp-json\/wp\/v2\/media?parent=18960"}],"curies":[{"name":"wp","href":"https:\/\/api.w.org\/{rel}","templated":true}]}}