{"id":1195,"date":"2013-04-05T16:38:18","date_gmt":"2013-04-05T16:38:18","guid":{"rendered":"http:\/\/www.kriesi.at\/themes\/enfold\/?page_id=1195"},"modified":"2025-02-06T19:14:01","modified_gmt":"2025-02-06T22:14:01","slug":"quem-somos","status":"publish","type":"page","link":"https:\/\/www.supergoes.com.br\/site\/quem-somos\/","title":{"rendered":"Quem Somos"},"content":{"rendered":"<div id=\"modal-ready\">\n<style type=\"text\/css\" data-created_by=\"avia_inline_auto\" id=\"style-css-av-15lukcb-3a8cb47a6d5bdf4313506deed6a1611b\">\n.flex_column.av-15lukcb-3a8cb47a6d5bdf4313506deed6a1611b{\n-webkit-border-radius:0px 0px 0px 0px;\n-moz-border-radius:0px 0px 0px 0px;\nborder-radius:0px 0px 0px 0px;\npadding:0px 0px 0px 0px;\n}\n<\/style>\n<div  class='flex_column av-15lukcb-3a8cb47a6d5bdf4313506deed6a1611b av_one_full  avia-builder-el-0  el_before_av_one_half  avia-builder-el-first  first flex_column_div av-zero-column-padding  '     ><p>\n<style type=\"text\/css\" data-created_by=\"avia_inline_auto\" id=\"style-css-av-4jbnl7-d18caf2a6776a967fc69d383890c48f9\">\n#top .av-special-heading.av-4jbnl7-d18caf2a6776a967fc69d383890c48f9{\npadding-bottom:10px;\n}\nbody .av-special-heading.av-4jbnl7-d18caf2a6776a967fc69d383890c48f9 .av-special-heading-tag .heading-char{\nfont-size:25px;\n}\n.av-special-heading.av-4jbnl7-d18caf2a6776a967fc69d383890c48f9 .av-subheading{\nfont-size:10px;\n}\n<\/style>\n<div  class='av-special-heading av-4jbnl7-d18caf2a6776a967fc69d383890c48f9 av-special-heading-h3 meta-heading  avia-builder-el-1  el_before_av_textblock  avia-builder-el-first '><h3 class='av-special-heading-tag'  itemprop=\"headline\"  >Quem Somos<\/h3><div class=\"special-heading-border\"><div class=\"special-heading-inner-border\"><\/div><\/div><\/div><br \/>\n<section  class='av_textblock_section av-12gfhln-84f9e91f2497cdbb873d87c2fa14059e '   itemscope=\"itemscope\" itemtype=\"https:\/\/schema.org\/CreativeWork\" ><div class='avia_textblock'  itemprop=\"text\" ><p style=\"text-align: justify;\">Com 31 anos de tradi\u00e7\u00e3o no varejo, 08 lojas sendo 05 em Curitiba, 02 em \u00a0S\u00e3o Jos\u00e9 dos Pinhais e 01 em Fazenda Rio Grande, o Super Goes \u00e9 refer\u00eancia no ramo supermercadista, com pre\u00e7os baixos, bom atendimento e abrang\u00eancia na presta\u00e7\u00e3o de servi\u00e7os.<\/p>\n<h4><\/h4>\n<\/div><\/section><\/p><\/div>\n<div  class='flex_column av-10sg2ej-fa5f178c9f5825eae5ae2cbe1ee292ab av_one_half  avia-builder-el-3  el_after_av_one_full  el_before_av_one_half  first flex_column_div  column-top-margin'     ><div  class='avia-slideshow av-z7tqrv-c2e55ca4c8763cc49792e871fdbc15bb avia-slideshow-no scaling av_slideshow avia-slide-slider  avia-builder-el-4  avia-builder-el-no-sibling  av-slideshow-ui av-control-default av-slideshow-autoplay av-loop-once av-loop-manual-endless av-default-height-applied avia-slideshow-1' data-slideshow-options=\"{&quot;animation&quot;:&quot;slide&quot;,&quot;autoplay&quot;:true,&quot;loop_autoplay&quot;:&quot;once&quot;,&quot;interval&quot;:5,&quot;loop_manual&quot;:&quot;manual-endless&quot;,&quot;autoplay_stopper&quot;:true,&quot;noNavigation&quot;:false,&quot;bg_slider&quot;:false,&quot;keep_padding&quot;:false,&quot;hoverpause&quot;:false,&quot;show_slide_delay&quot;:0}\"  itemprop=\"image\" itemscope=\"itemscope\" itemtype=\"https:\/\/schema.org\/ImageObject\" ><ul class='avia-slideshow-inner ' style='padding-bottom: 67.878787878788%;'><li  class='avia-slideshow-slide av-z7tqrv-c2e55ca4c8763cc49792e871fdbc15bb__0  slide-1 slide-odd'><div data-rel='slideshow-1' class='avia-slide-wrap '   ><div class='av-slideshow-caption av-z7tqrv-c2e55ca4c8763cc49792e871fdbc15bb__0 avia-caption'><div class=\"avia-inner-caption\"><div class='avia-caption-content '  itemprop=\"description\" ><p>1\u00aa loja Goes 1993<\/p>\n<\/div><\/div><\/div><img decoding=\"async\" class=\"wp-image-3646 avia-img-lazy-loading-not-3646\"  src=\"https:\/\/www.supergoes.com.br\/site\/wp-content\/uploads\/2013\/04\/01x.jpg\" width=\"495\" height=\"336\" title='01x' alt=''  itemprop=\"thumbnailUrl\" srcset=\"https:\/\/www.supergoes.com.br\/site\/wp-content\/uploads\/2013\/04\/01x.jpg 495w, https:\/\/www.supergoes.com.br\/site\/wp-content\/uploads\/2013\/04\/01x-300x204.jpg 300w, https:\/\/www.supergoes.com.br\/site\/wp-content\/uploads\/2013\/04\/01x-450x305.jpg 450w\" sizes=\"(max-width: 495px) 100vw, 495px\" \/><\/div><\/li><li  class='avia-slideshow-slide av-z7tqrv-c2e55ca4c8763cc49792e871fdbc15bb__1  slide-2 slide-even'><div data-rel='slideshow-1' class='avia-slide-wrap '   ><div class='av-slideshow-caption av-z7tqrv-c2e55ca4c8763cc49792e871fdbc15bb__1 avia-caption'><div class=\"avia-inner-caption\"><div class='avia-caption-content '  itemprop=\"description\" ><p>Rede de Super Goes<\/p>\n<\/div><\/div><\/div><img decoding=\"async\" class=\"wp-image-3648 avia-img-lazy-loading-not-3648\"  src=\"https:\/\/www.supergoes.com.br\/site\/wp-content\/uploads\/2013\/04\/02x.jpg\" width=\"495\" height=\"336\" title='02x' alt=''  itemprop=\"thumbnailUrl\" srcset=\"https:\/\/www.supergoes.com.br\/site\/wp-content\/uploads\/2013\/04\/02x.jpg 495w, https:\/\/www.supergoes.com.br\/site\/wp-content\/uploads\/2013\/04\/02x-300x204.jpg 300w, https:\/\/www.supergoes.com.br\/site\/wp-content\/uploads\/2013\/04\/02x-450x305.jpg 450w\" sizes=\"(max-width: 495px) 100vw, 495px\" \/><\/div><\/li><li  class='avia-slideshow-slide av-z7tqrv-c2e55ca4c8763cc49792e871fdbc15bb__2  slide-3 slide-odd'><div data-rel='slideshow-1' class='avia-slide-wrap '   ><div class='av-slideshow-caption av-z7tqrv-c2e55ca4c8763cc49792e871fdbc15bb__2 avia-caption'><div class=\"avia-inner-caption\"><div class='avia-caption-content '  itemprop=\"description\" ><p>Rede Super Goes<\/p>\n<\/div><\/div><\/div><img decoding=\"async\" class=\"wp-image-3650 avia-img-lazy-loading-not-3650\"  src=\"https:\/\/www.supergoes.com.br\/site\/wp-content\/uploads\/2013\/04\/04-1.jpg\" width=\"495\" height=\"336\" title='04' alt=''  itemprop=\"thumbnailUrl\" srcset=\"https:\/\/www.supergoes.com.br\/site\/wp-content\/uploads\/2013\/04\/04-1.jpg 495w, https:\/\/www.supergoes.com.br\/site\/wp-content\/uploads\/2013\/04\/04-1-300x204.jpg 300w, https:\/\/www.supergoes.com.br\/site\/wp-content\/uploads\/2013\/04\/04-1-450x305.jpg 450w\" sizes=\"(max-width: 495px) 100vw, 495px\" \/><\/div><\/li><li  class='avia-slideshow-slide av-z7tqrv-c2e55ca4c8763cc49792e871fdbc15bb__3  slide-4 slide-even'><div data-rel='slideshow-1' class='avia-slide-wrap '   ><div class='av-slideshow-caption av-z7tqrv-c2e55ca4c8763cc49792e871fdbc15bb__3 avia-caption'><div class=\"avia-inner-caption\"><div class='avia-caption-content '  itemprop=\"description\" ><p>Rede Super Goes<\/p>\n<\/div><\/div><\/div><img decoding=\"async\" class=\"wp-image-3653 avia-img-lazy-loading-not-3653\"  src=\"https:\/\/www.supergoes.com.br\/site\/wp-content\/uploads\/2013\/04\/05-1.jpg\" width=\"495\" height=\"336\" title='05' alt=''  itemprop=\"thumbnailUrl\" srcset=\"https:\/\/www.supergoes.com.br\/site\/wp-content\/uploads\/2013\/04\/05-1.jpg 495w, https:\/\/www.supergoes.com.br\/site\/wp-content\/uploads\/2013\/04\/05-1-300x204.jpg 300w, https:\/\/www.supergoes.com.br\/site\/wp-content\/uploads\/2013\/04\/05-1-450x305.jpg 450w\" sizes=\"(max-width: 495px) 100vw, 495px\" \/><\/div><\/li><li  class='avia-slideshow-slide av-z7tqrv-c2e55ca4c8763cc49792e871fdbc15bb__4  slide-5 slide-odd'><div data-rel='slideshow-1' class='avia-slide-wrap '   ><div class='av-slideshow-caption av-z7tqrv-c2e55ca4c8763cc49792e871fdbc15bb__4 avia-caption'><div class=\"avia-inner-caption\"><div class='avia-caption-content '  itemprop=\"description\" ><p>Rede de Super Goes<\/p>\n<\/div><\/div><\/div><img decoding=\"async\" class=\"wp-image-3605 avia-img-lazy-loading-not-3605\"  src=\"https:\/\/www.supergoes.com.br\/site\/wp-content\/uploads\/2013\/04\/03-1.jpg\" width=\"495\" height=\"336\" title='03' alt=''  itemprop=\"thumbnailUrl\" srcset=\"https:\/\/www.supergoes.com.br\/site\/wp-content\/uploads\/2013\/04\/03-1.jpg 495w, https:\/\/www.supergoes.com.br\/site\/wp-content\/uploads\/2013\/04\/03-1-300x204.jpg 300w, https:\/\/www.supergoes.com.br\/site\/wp-content\/uploads\/2013\/04\/03-1-450x305.jpg 450w\" sizes=\"(max-width: 495px) 100vw, 495px\" \/><\/div><\/li><\/ul><div class='avia-slideshow-arrows avia-slideshow-controls' ><a href='#prev' class='prev-slide ' aria-hidden='true' data-av_icon='\ue87c' data-av_iconfont='entypo-fontello'  tabindex='-1'>Anterior<\/a><a href='#next' class='next-slide ' aria-hidden='true' data-av_icon='\ue87d' data-av_iconfont='entypo-fontello'  tabindex='-1'>Pr\u00f3ximo<\/a><\/div><div class='avia-slideshow-dots avia-slideshow-controls'><a href='#1' class='goto-slide active' >1<\/a><a href='#2' class='goto-slide ' >2<\/a><a href='#3' class='goto-slide ' >3<\/a><a href='#4' class='goto-slide ' >4<\/a><a href='#5' class='goto-slide ' >5<\/a><\/div><\/div><\/div>\n\n<style type=\"text\/css\" data-created_by=\"avia_inline_auto\" id=\"style-css-av-pipl2j-804c8e57a2963348e841e770e727a3ba\">\n.flex_column.av-pipl2j-804c8e57a2963348e841e770e727a3ba{\n-webkit-border-radius:0px 0px 0px 0px;\n-moz-border-radius:0px 0px 0px 0px;\nborder-radius:0px 0px 0px 0px;\npadding:0px 0px 0px 0px;\n}\n<\/style>\n<div  class='flex_column av-pipl2j-804c8e57a2963348e841e770e727a3ba av_one_half  avia-builder-el-5  el_after_av_one_half  el_before_av_heading  flex_column_div av-zero-column-padding  column-top-margin'     ><p>\n<style type=\"text\/css\" data-created_by=\"avia_inline_auto\" id=\"style-css-av-ontehn-cc9ee9213ecb0bc599855f3eda55d527\">\n#top .av-special-heading.av-ontehn-cc9ee9213ecb0bc599855f3eda55d527{\npadding-bottom:15px;\n}\nbody .av-special-heading.av-ontehn-cc9ee9213ecb0bc599855f3eda55d527 .av-special-heading-tag .heading-char{\nfont-size:25px;\n}\n.av-special-heading.av-ontehn-cc9ee9213ecb0bc599855f3eda55d527 .av-subheading{\nfont-size:10px;\n}\n<\/style>\n<div  class='av-special-heading av-ontehn-cc9ee9213ecb0bc599855f3eda55d527 av-special-heading-h3 meta-heading  avia-builder-el-6  el_before_av_textblock  avia-builder-el-first '><h3 class='av-special-heading-tag'  itemprop=\"headline\"  >Pol\u00edtica da Rede<\/h3><div class=\"special-heading-border\"><div class=\"special-heading-inner-border\"><\/div><\/div><\/div><br \/>\n<section  class='av_textblock_section av-mel0pn-f171da049ec23f2cea369e9f72e8e525 '   itemscope=\"itemscope\" itemtype=\"https:\/\/schema.org\/CreativeWork\" ><div class='avia_textblock'  itemprop=\"text\" ><h3 style=\"text-align: justify;\">VIS\u00c3O<\/h3>\n<p style=\"text-align: justify;\">Buscar a excel\u00eancia para servir aos clientes produtos e servi\u00e7os de qualidade, oferecendo bom atendimento, bem-estar e respeito \u00e0 sociedade.<\/p>\n<h3 style=\"text-align: justify;\">MISS\u00c3O<\/h3>\n<p style=\"text-align: justify;\">Ser refer\u00eancia no ramo supermercadista com uma rede competitiva e din\u00e2mica, que atua de forma abrangente no segmento varejista e na presta\u00e7\u00e3o de servi\u00e7os com lojas modernas, agrad\u00e1veis e dentro de princ\u00edpios sustent\u00e1veis.<\/p>\n<h3 style=\"text-align: justify;\">VALORES<\/h3>\n<div class=\"list styled angle-list\">\n<ul>\n<li style=\"text-align: justify;\">SATISFA\u00c7\u00c3O DO CLIENTE<\/li>\n<li style=\"text-align: justify;\">RESPEITO<\/li>\n<li style=\"text-align: justify;\">INTEGRIDADE<\/li>\n<li style=\"text-align: justify;\">FLEXIBILIDADE<\/li>\n<li style=\"text-align: justify;\">MELHORIA CONT\u00cdNUA<\/li>\n<li style=\"text-align: justify;\">SUSTENTABILIDADE<\/li>\n<\/ul>\n<\/div>\n<\/div><\/section><\/p><\/div>\n\n<style type=\"text\/css\" data-created_by=\"avia_inline_auto\" id=\"style-css-av-2sxfe3-5773174a9f1d6687d00e022cb0850317\">\n#top .av-special-heading.av-2sxfe3-5773174a9f1d6687d00e022cb0850317{\npadding-bottom:10px;\n}\nbody .av-special-heading.av-2sxfe3-5773174a9f1d6687d00e022cb0850317 .av-special-heading-tag .heading-char{\nfont-size:25px;\n}\n.av-special-heading.av-2sxfe3-5773174a9f1d6687d00e022cb0850317 .av-subheading{\nfont-size:15px;\n}\n<\/style>\n<div  class='av-special-heading av-2sxfe3-5773174a9f1d6687d00e022cb0850317 av-special-heading-h3  avia-builder-el-8  el_after_av_one_half  el_before_av_textblock '><h3 class='av-special-heading-tag'  itemprop=\"headline\"  >Nossa Hist\u00f3ria<\/h3><div class=\"special-heading-border\"><div class=\"special-heading-inner-border\"><\/div><\/div><\/div>\n<section  class='av_textblock_section av-ieq1t7-1419c7bd061850ef266193cc1e48571b '   itemscope=\"itemscope\" itemtype=\"https:\/\/schema.org\/CreativeWork\" ><div class='avia_textblock'  itemprop=\"text\" ><blockquote>\n<p class=\"content_box text_dropcap \">1993<\/p>\n<div class=\"clear\"><\/div>\n<\/blockquote>\n<div class=\"extra-wrap\">\n<h3>A 1\u00aa LOJA<\/h3>\n<p>Nasce a primeira loja Goes que embalada por um sonho se projeta rumo a uma s\u00e9rie de realiza\u00e7\u00f5es s\u00f3lidas e perenes idealizadas pelo s\u00f3cio presidente fundador Sr. Greg\u00f3rio Pereira do Vale Filho.<\/p>\n<div  class='hr av-hsusrf-babfae38b538dbaa8bd715815adce6d2 hr-short  avia-builder-el-10  el_before_av_hr  avia-builder-el-first  hr-left'><span class='hr-inner '><span class=\"hr-inner-style\"><\/span><\/span><\/div>\n<blockquote>\n<p>2006<\/p>\n<\/blockquote>\n<\/div>\n<div class=\"extra-wrap\">\n<h3>PROJETO EXPANS\u00c3O<\/h3>\n<p>Com o objetivo de crescimento da rede come\u00e7a a partir desse momento todos os estudos e a\u00e7\u00f5es necess\u00e1rias para o fortalecimento e propaga\u00e7\u00e3o da rede dentro de\u00a0princ\u00edpios pr\u00e9-estabelecidos\u00a0e formatados com\u00a0padr\u00f5es que exprimem o valor da marca.<\/p>\n<div  class='hr av-g02u57-ce90a508c308e797bf6c040cb81e4daf hr-short  avia-builder-el-11  el_after_av_hr  avia-builder-el-last  hr-left'><span class='hr-inner '><span class=\"hr-inner-style\"><\/span><\/span><\/div><\/div>\n<blockquote>\n<div class=\"content_box text_dropcap \">\n<p>2025<\/p>\n<div class=\"clear\"><\/div>\n<\/div>\n<\/blockquote>\n<div class=\"extra-wrap\">\n<h3>ATUAL CEN\u00c1RIO<\/h3>\n<p>Hoje com 09 Lojas e 01 Centro de Distribui\u00e7\u00e3o. A rede vem em pleno vapor concretizando a cada dia \u00a0a condi\u00e7\u00e3o de refer\u00eancia em bom atendimento, lojas modernas e abrang\u00eancia no segmento varejista.<\/p>\n<\/div>\n<\/div><\/section>\n<\/div><\/div><\/div><!-- close content main div --><\/div><\/div><div id='av_section_1'  class='avia-section av-elm4wr-b187ea79293c89c4328af6ac83ec97b9 alternate_color avia-section-large avia-shadow  avia-builder-el-12  el_after_av_textblock  avia-builder-el-last  avia-bg-style-scroll container_wrap fullsize'  ><div class='container av-section-cont-open' ><div class='template-page content  av-content-full alpha units'><div class='post-entry post-entry-type-page post-entry-1195'><div class='entry-content-wrapper clearfix'>\n<section  class='av_textblock_section av-ccl1h7-79c904852f4717bfba5e1f9ae51129b2 '   itemscope=\"itemscope\" itemtype=\"https:\/\/schema.org\/CreativeWork\" ><div class='avia_textblock'  itemprop=\"text\" ><h2 style=\"text-align: center;\">O que as pessoas est\u00e3o falando da rede Goes<\/h2>\n<\/div><\/section>\n<div  class='hr av-ai0kbv-93f9eaf3ba894edbe470f626c7065e58 hr-short  avia-builder-el-14  el_after_av_textblock  el_before_av_testimonials  hr-center'><span class='hr-inner '><span class=\"hr-inner-style\"><\/span><\/span><\/div>\n<div  class='avia-testimonial-wrapper av-8iwrjv-60ec00f09db358bf82fa86205fe39753 avia-grid-testimonials avia-grid-2-testimonials avia_animate_when_almost_visible' >\n<section class=\"avia-testimonial-row\"><div class='avia-testimonial av-7tzcgb-7c7ead095848bce80590972075568fbd avia-testimonial-row-1 avia-first-testimonial flex_column no_margin av_one_half'><div class='avia-testimonial_inner'  itemscope=\"itemscope\" itemtype=\"https:\/\/schema.org\/CreativeWork\" ><div class='avia-testimonial-content '><div class='avia-testimonial-markup-entry-content'  itemprop=\"text\" ><p>A loja do novo mundo est\u00e1 de parabens, com a festa e entrega dos sorteios de premios do aniversario goes, foi tudo maravilhoso! nunca vi uma alegria assim, parabens<\/p>\n<\/div><\/div><div class=\"avia-testimonial-meta\"><div class=\"avia-testimonial-arrow-wrap\"><div class=\"avia-arrow\"><\/div><\/div><div class='avia-testimonial-meta-mini'  itemprop=\"author\" itemscope=\"itemscope\" itemtype=\"https:\/\/schema.org\/Person\" ><strong  class='avia-testimonial-name'  itemprop=\"name\" >Fernanda Moraes<\/strong><span class='hidden avia-testimonial-markup-link'  itemprop=\"url\" >https:\/\/www.facebook.com\/pg\/SupermercadosGoes\/reviews\/?ref=page_internal<\/span><a class='aviablank avia-testimonial-link' href='https:\/\/www.facebook.com\/pg\/SupermercadosGoes\/reviews\/?ref=page_internal' rel=\u2019noopener noreferrer\u2019>Facebook<\/a><\/div><\/div><\/div><\/div>\n<div class='avia-testimonial av-6e2rxn-4a8e7c339dbc64f262bdeddde3e09a1c avia-testimonial-row-1 avia-last-testimonial flex_column no_margin av_one_half'><div class='avia-testimonial_inner'  itemscope=\"itemscope\" itemtype=\"https:\/\/schema.org\/CreativeWork\" ><div class='avia-testimonial-content '><div class='avia-testimonial-markup-entry-content'  itemprop=\"text\" ><p>O supermercado Goes do Uberaba eh \u00f3timo ,atendimento joia gerente Valdir sempre esta a disposicao para nos atender os precos la eh muito bom eu sempre fazia minhas compras em hipermercados depois q conhe\u00e7o o mercado G\u00f3es nao fui mais em outros pois da muita diferen\u00e7a de pre\u00e7o tem promo\u00e7\u00e3o a semana toda eh muito bom<\/p>\n<\/div><\/div><div class=\"avia-testimonial-meta\"><div class=\"avia-testimonial-arrow-wrap\"><div class=\"avia-arrow\"><\/div><\/div><div class='avia-testimonial-meta-mini'  itemprop=\"author\" itemscope=\"itemscope\" itemtype=\"https:\/\/schema.org\/Person\" ><strong  class='avia-testimonial-name'  itemprop=\"name\" >Neli Afrodite Urania<\/strong><span class='hidden avia-testimonial-markup-link'  itemprop=\"url\" >https:\/\/www.facebook.com\/pg\/SupermercadosGoes\/reviews\/?ref=page_internal<\/span><a class='aviablank avia-testimonial-link' href='https:\/\/www.facebook.com\/pg\/SupermercadosGoes\/reviews\/?ref=page_internal' rel=\u2019noopener noreferrer\u2019>Facebook<\/a><\/div><\/div><\/div><\/div><\/section>\n<section class=\"avia-testimonial-row\"><div class='avia-testimonial av-42y0qj-4be67296e62a46cb1f5c869f7c5aaa49 avia-testimonial-row-2 avia-first-testimonial flex_column no_margin av_one_half'><div class='avia-testimonial_inner'  itemscope=\"itemscope\" itemtype=\"https:\/\/schema.org\/CreativeWork\" ><div class='avia-testimonial-content '><div class='avia-testimonial-markup-entry-content'  itemprop=\"text\" ><p>Gosto muito do atendimento, o a\u00e7ougue \u00e9 muito bom , o atendimento dos acougueiros \u00e9 de primeira qualidade a padaria tamb\u00e9m produtos de primeira qualidade<\/p>\n<\/div><\/div><div class=\"avia-testimonial-meta\"><div class=\"avia-testimonial-arrow-wrap\"><div class=\"avia-arrow\"><\/div><\/div><div class='avia-testimonial-meta-mini'  itemprop=\"author\" itemscope=\"itemscope\" itemtype=\"https:\/\/schema.org\/Person\" ><strong  class='avia-testimonial-name'  itemprop=\"name\" >Iolanda St\u00fcpp<\/strong><span class='hidden avia-testimonial-markup-link'  itemprop=\"url\" >https:\/\/www.facebook.com\/pg\/SupermercadosGoes\/reviews\/?ref=page_internal<\/span><a class='aviablank avia-testimonial-link' href='https:\/\/www.facebook.com\/pg\/SupermercadosGoes\/reviews\/?ref=page_internal' rel=\u2019noopener noreferrer\u2019>Facebook<\/a><\/div><\/div><\/div><\/div>\n<div class='avia-testimonial av-28foqz-3aa1e5d8473f934497e1816282b67f1b avia-testimonial-row-2 avia-last-testimonial flex_column no_margin av_one_half'><div class='avia-testimonial_inner'  itemscope=\"itemscope\" itemtype=\"https:\/\/schema.org\/CreativeWork\" ><div class='avia-testimonial-content '><div class='avia-testimonial-markup-entry-content'  itemprop=\"text\" ><p>Trabalhei no goes do parolin por quase tr\u00eas anos,foi o melhor lugar que trabalhei.e nunca tive nenhuma reclama\u00e7\u00e3o do goes,sempre me respeitaram.<br \/>\nPoderiam contratar ex funcion\u00e1rios n\u00e9??<\/p>\n<\/div><\/div><div class=\"avia-testimonial-meta\"><div class=\"avia-testimonial-arrow-wrap\"><div class=\"avia-arrow\"><\/div><\/div><div class='avia-testimonial-meta-mini'  itemprop=\"author\" itemscope=\"itemscope\" itemtype=\"https:\/\/schema.org\/Person\" ><strong  class='avia-testimonial-name'  itemprop=\"name\" >Jaquelyne Dos Santos<\/strong><span class='hidden avia-testimonial-markup-link'  itemprop=\"url\" >https:\/\/www.facebook.com\/pg\/SupermercadosGoes\/reviews\/?ref=page_internal<\/span><a class='aviablank avia-testimonial-link' href='https:\/\/www.facebook.com\/pg\/SupermercadosGoes\/reviews\/?ref=page_internal' rel=\u2019noopener noreferrer\u2019>Facebook<\/a><\/div><\/div><\/div><\/div><\/section>\n<\/div>\n\n<\/div>","protected":false},"excerpt":{"rendered":"","protected":false},"author":1,"featured_media":0,"parent":0,"menu_order":0,"comment_status":"closed","ping_status":"closed","template":"","meta":{"footnotes":""},"class_list":["post-1195","page","type-page","status-publish","hentry"],"_links":{"self":[{"href":"https:\/\/www.supergoes.com.br\/site\/wp-json\/wp\/v2\/pages\/1195","targetHints":{"allow":["GET"]}}],"collection":[{"href":"https:\/\/www.supergoes.com.br\/site\/wp-json\/wp\/v2\/pages"}],"about":[{"href":"https:\/\/www.supergoes.com.br\/site\/wp-json\/wp\/v2\/types\/page"}],"author":[{"embeddable":true,"href":"https:\/\/www.supergoes.com.br\/site\/wp-json\/wp\/v2\/users\/1"}],"replies":[{"embeddable":true,"href":"https:\/\/www.supergoes.com.br\/site\/wp-json\/wp\/v2\/comments?post=1195"}],"version-history":[{"count":9,"href":"https:\/\/www.supergoes.com.br\/site\/wp-json\/wp\/v2\/pages\/1195\/revisions"}],"predecessor-version":[{"id":20059,"href":"https:\/\/www.supergoes.com.br\/site\/wp-json\/wp\/v2\/pages\/1195\/revisions\/20059"}],"wp:attachment":[{"href":"https:\/\/www.supergoes.com.br\/site\/wp-json\/wp\/v2\/media?parent=1195"}],"curies":[{"name":"wp","href":"https:\/\/api.w.org\/{rel}","templated":true}]}}